e 9) to base 12
-3
1 (base 9) to base 13
1
Convert -337 (base 9) to base 5.
-2102
What is -2 (base 11) in base 6?
-2
What is -17 (base 9) in base 12?
-14
Convert -45 (base 6) to base 9.
-32
Convert -102 (base 3) to base 4.
-23
What is 0 (base 3) in base 9?
0
What is -165 (base 7) in base 6?
-240
What is 1011 (base 3) in base 2?
11111
What is 15 (base 8) in base 4?
31
What is 18 (base 9) in base 2?
10001
0 (base 16) to base 8
0
What is 15 (base 6) in base 11?
10
Convert 0 (base 13) to base 3.
0
What is -38 (base 11) in base 9?
-45
101 (base 2) to base 7
5
Convert -14 (base 5) to base 14.
-9
Convert 10 (base 2) to base 10.
2
Convert -346 (base 8) to base 9.
-275
Convert -73 (base 8) to base 12.
-4b
166 (base 12) to base 10
222
-7 (base 16) to base 5
-12
-19c (base 13) to base 16
-12a
Convert 2 (base 4) to base 15.
2
Convert 10110 (base 2) to base 4.
112
Convert -1 (base 5) to base 14.
-1
6 (base 8) to base 7
6
43 (base 15) to base 2
111111
Convert -13 (base 8) to base 9.
-12
Convert -2310 (base 4) to base 11.
-154
What is 100200 (base 3) in base 16?
105
What is a (base 15) in base 7?
13
Convert -1 (base 2) to base 5.
-1
Convert -133 (base 6) to base 14.
-41
What is -10001 (base 3) in base 16?
-52
Convert 12101 (base 3) to base 9.
171
Convert -12 (base 3) to base 13.
-5
Convert -73 (base 9) to base 11.
-60
-157 (base 13) to base 12
-181
Convert 2112 (base 3) to base 6.
152
0 (base 3) to base 11
0
What is -6 (base 16) in base 3?
-20
What is b1 (base 13) in base 9?
170
What is 16 (base 10) in base 14?
12
Convert -69 (base 14) to base 6.
-233
Convert -1 (base 10) to base 16.
-1
-20 (base 4) to base 3
-22
What is -33 (base 16) in base 8?
-63
What is 5 (base 10) in base 5?
10
-110111 (base 2) to base 7
-106
33 (base 6) to base 2
10101
What is 0 (base 4) in base 15?
0
What is 5 (base 10) in base 2?
101
What is -1 (base 7) in base 16?
-1
Convert 0 (base 13) to base 15.
0
What is -110 (base 2) in base 4?
-12
Convert -101 (base 2) to base 16.
-5
What is -21 (base 12) in base 2?
-11001
-302 (base 5) to base 2
-1001101
What is 6 (base 11) in base 5?
11
What is -23 (base 10) in base 14?
-19
What is -1a8 (base 12) in base 13?
-17c
Convert 0 (base 13) to base 5.
0
What is -6 (base 12) in base 9?
-6
What is -123 (base 6) in base 2?
-110011
What is 14 (base 10) in base 4?
32
What is -c (base 14) in base 10?
-12
Convert -5 (base 7) to base 6.
-5
7 (base 9) to base 7
10
What is -80 (base 9) in base 13?
-57
Convert 2 (base 6) to base 10.
2
Convert 6 (base 14) to base 7.
6
387 (base 9) to base 2
101000010
What is -1 (base 2) in base 15?
-1
What is 21 (base 9) in base 7?
25
Convert 4 (base 15) to base 9.
4
What is 4 (base 15) in base 12?
4
0 (base 11) to base 2
0
Convert -31 (base 7) to base 4.
-112
27 (base 11) to base 13
23
Convert -25 (base 12) to base 5.
-104
Convert -41 (base 8) to base 15.
-23
What is -b (base 12) in base 3?
-102
Convert 1 (base 11) to base 10.
1
Convert -12 (base 3) to base 5.
-10
-21 (base 15) to base 9
-34
What is -5 (base 16) in base 3?
-12
Convert fd (base 16) to base 3.
100101
344 (base 5) to base 14
71
What is -11 (base 4) in base 5?
-10
-14 (base 12) to base 11
-15
Convert -32 (base 5) to base 13.
-14
What is -2 (base 14) in base 10?
-2
Convert 0 (base 9) to base 16.
0
What is -52 (base 8) in base 3?
-1120
Convert 5 (base 15) to base 14.
5
Convert 232 (base 7) to base 12.
a1
Convert 180 (base 11) to base 6.
545
-34 (base 14) to base 8
-56
Convert 1 (base 5) to base 16.
1
-22 (base 4) to base 3
-101
-10 (base 6) to base 9
-6
3 (base 14) to base 2
11
100111001 (base 2) to base 14
185
Convert 206 (base 11) to base 3.
100012
59 (base 10) to base 4
323
Convert 61 (base 8) to base 2.
110001
What is ce (base 16) in base 11?
178
What is -1 (base 8) in base 12?
-1
-178 (base 14) to base 10
-302
Convert -160 (base 7) to base 14.
-67
-34 (base 16) to base 3
-1221
What is e (base 16) in base 7?
20
Convert -2 (base 10) to base 8.
-2
Convert -12 (base 6) to base 4.
-20
Convert 92 (base 10) to base 15.
62
Convert 43 (base 5) to base 13.
1a
-201 (base 4) to base 2
-100001
What is 0 (base 11) in base 6?
0
Convert -c (base 16) to base 10.
-12
-14 (base 9) to base 13
-10
Convert -5 (base 10) to base 4.
-11
5 (base 10) to base 4
11
0 (base 15) to base 16
0
-139 (base 11) to base 4
-2203
Convert 282 (base 9) to base 2.
11101100
Convert -210 (base 3) to base 10.
-21
100 (base 4) to base 6
24
Convert b9 (base 15) to base 13.
105
11 (base 6) to base 15
7
What is -b (base 13) in base 3?
-102
What is -a (base 12) in base 5?
-20
Convert 1 (base 5) to base 14.
1
1101 (base 2) to base 14
d
-340 (base 5) to base 6
-235
What is -1100 (base 5) in base 9?
-176
-66 (base 14) to base 7
-156
What is -3 (base 11) in base 8?
-3
-2 (base 15) to base 14
-2
-7 (base 9) to base 7
-10
-46 (base 16) to base 6
-154
100011100 (base 2) to base 16
11c
7 (base 11) to base 7
10
-4 (base 9) to base 6
-4
What is 2b (base 14) in base 2?
100111
Convert -1 (base 6) to base 12.
-1
What is 2d (base 16) in base 13?
36
What is 22 (base 6) in base 11?
13
Convert -235 (base 8) to base 16.
-9d
1 (base 10) to base 16
1
Convert 15 (base 15) to base 2.
10100
What is 296 (base 12) in base 11?
336
What is -2 (base 14) in base 13?
-2
2 (base 8) to base 12
2
What is -311 (base 5) in base 9?
-100
What is 4 (base 11) in base 9?
4
What is -1001 (base 2) in base 9?
-10
-81 (base 16) to base 12
-a9
What is -23 (base 5) in base 8?
-15
Convert -2 (base 16) to base 4.
-2
-235 (base 6) to base 4
-1133
What is -1010 (base 2) in base 3?
-101
What is 10100 (base 2) in base 16?
14
-3 (base 10) to base 8
-3
Convert 2 (base 15) to base 11.
2
56 (base 16) to base 4
1112
11 (base 3) to base 5
4
Convert 1022 (base 3) to base 6.
55
What is -7 (base 8) in base 7?
-10
Convert 0 (base 6) to base 13.
0
Convert -450 (base 6) to base 9.
-213
13 (base 4) to base 9
7
-10 (base 3) to base 4
-3
What is -73 (base 8) in base 9?
-65
What is -3 (base 14) in base 13?
-3
0 (base 4) to base 13
0
7 (base 9) to base 2
111
What is -220 (base 5) in base 14?
-44
-2 (base 16) to base 11
-2
What is -37 (base 11) in base 15?
-2a
Convert -11 (base 10) to base 3.
-102
Convert -1 (base 10) to base 7.
-1
-4 (base 7) to base 11
-4
Convert 10 (base 13) to base 14.
d
What is -2 (base 7) in base 5?
-2
Convert 5 (base 13) to base 6.
5
6 (base 8) to base 12
6
Convert -7 (base 13) to base 7.
-10
Convert -24 (base 10) to base 15.
-19
What is -1011 (base 2) in base 8?
-13
Convert 13c (base 16) to base 12.
224
Convert 8 (base 15) to base 8.
10
7 (base 12) to base 7
10
20 (base 5) to base 13
a
-38 (base 13) to base 8
-57
What is 2 (base 14) in base 7?
2
0 (base 15) to base 4
0
What is -2 (base 15) in base 10?
-2
-2 (base 7) to base 9
-2
What is -141 (base 11) in base 7?
-325
What is 11101 (base 2) in base 9?
32
13 (base 5) to base 16
8
What is -4 (base 16) in base 10?
-4
What is -2 (base 3) in base 12?
-2
Convert 0 (base 4) to base 11.
0
-2 (base 15) to base 8
-2
What is 77 (base 9) in base 15?
4a
What is -32 (base 8) in base 6?
-42
What is 2 (base 8) in base 3?
2
What is 3 (base 13) in base 11?
3
Convert 5 (base 9) to base 13.
5
Convert 2 (base 10) to base 9.
2
Convert 143 (base 10) to base 15.
98
What is 100111011 (base 2) in base 8?
473
1 (base 9) to base 13
1
What is 2 (base 13) in base 14?
2
Convert -8 (base 12) to base 15.
-8
Convert -20 (base 8) to base 10.
-16
What is -8 (base 10) in base 12?
-8
d8 (base 15) to base 6
535
Convert 2 (base 7) to base 9.
2
-2 (base 14) to base 11
-2
4 (base 11) to base 4
10
What is -10001 (base 2) in base 8?
-21
What is -1102 (base 4) in base 12?
-6a
-2002 (base 3) to base 2
-111000
-1 (base 15) to base 8
-1
Convert -15 (base 14) to base 12.
-17
Convert 1001 (base 2) to base 14.
9
Convert 1 (base 5) to base 4.
1
What is -2a (base 14) in base 10?
-38
Convert 100 (base 2) to base 11.
4
Convert -6 (base 11) to base 2.
-110
What is 1011 (base 2) in base 7?
14
What is -15 (base 11) in base 4?
-100
-1 (base 10) to base 5
-1
Convert -37 (base 9) to base 3.
-1021
-544 (base 6) to base 15
-dd
What is 224 (base 5) in base 12?
54
Convert 4 (base 5) to base 16.
4
Convert 8 (base 14) to base 15.
8
What is 99 (base 11) in base 3?
11000
1210 (base 3) to base 4
300
-b (base 12) to base 11
-10
Convert 5 (base 9) to base 15.
5
Convert 0